or of h and 5.
5
Suppose -46*q - 147 = -49*q. Suppose q = 10*k - 3*k. Calculate the highest common factor of k and 70.
7
Suppose 5*u - 40 = 2*t - 7, -11 = -t - 3*u. Let p(a) = -6*a - 8. Let l be p(t). Calculate the highest common divisor of l and 32.
16
Let y = 8 - 5. Suppose -y*w + w = -440. Suppose 0 = -13*k + 7*k + 120. What is the greatest common factor of k and w?
20
Let i = 208 + -174. What is the highest common divisor of i and 51?
17
Suppose -2*p + 3*i + 443 = 0, 5*p = 4*p - 2*i + 218. Calculate the greatest common divisor of p and 60.
20
Let a(b) = 11*b - 39. Let n be a(5). Let m be 1140/n - 15/(-20). Calculate the greatest common divisor of 9 and m.
9
Suppose -2*p + 0*p + 4 = 0. Let r = 91 + -21. Let y = r + -48. Calculate the greatest common factor of y and p.
2
Suppose 0 = 4*x + x - 10. Suppose x*d + a = -3*a + 10, 0 = -3*d + 3*a - 3. Suppose 4*p + 1 = 5*p. What is the highest common divisor of p and d?
1
Suppose 24*y = -3*m + 22*y + 296, -3*m = 4*y - 304. Calculate the highest common factor of 88 and m.
8
Let a be 708/5 - 14/(-10). Calculate the greatest common divisor of a and 39.
13
Let i = 610 + -538. Calculate the highest common divisor of i and 36.
36
Suppose -85*m + 100*m = 120. What is the highest common divisor of m and 1160?
8
Let s = -511 + 522. Calculate the greatest common factor of s and 1.
1
Suppose -5*m + 6*m = 10. Suppose -5*j - 150 = -m*j. What is the greatest common divisor of 10 and j?
10
Suppose 0 = 67*p - 138*p + 101388. What is the highest common divisor of p and 84?
84
Let f = -1088 - -1205. What is the greatest common divisor of f and 3159?
117
Let j = -26 + 50. Let v(b) = 4*b + 5*b**3 - j*b**3 - b - 2*b**2 - 2*b - 2. Let r be v(-2). Calculate the highest common factor of 56 and r.
28
Let l(y) = 5*y**2 - 21*y + 29. Let g be l(5). What is the greatest common divisor of 441 and g?
49
Suppose 0 = w - 0*w. Let x be (w + 3)/(3/(-18)). Let t be (-2)/4 + x/(-4). Calculate the highest common factor of t and 1.
1
Let k(r) = r**3 + 23*r**2 + r + 41. Let g be k(-23). What is the greatest common divisor of 450 and g?
18
Suppose 2*t + 23*t - 650 = 0. Let m(o) = 2*o**2 + 9*o + 17. Let r be m(-7). Calculate the greatest common factor of r and t.
26
Suppose -3*u + u + o = -22, 0 = -o. Suppose 0*q = -q + u. What is the highest common factor of q and 33?
11
Let v be (-12)/(-28) - (-171)/(-7). Let w = 328 + v. What is the greatest common divisor of 38 and w?
38
Suppose -3*a + 8*c + 14 = 3*c, -3*a - 5*c + 4 = 0. Suppose 0*w = -a*w + 60. Calculate the highest common divisor of 4 and w.
4
Let o be (8/(-16))/((-4)/656). What is the highest common factor of 246 and o?
82
Suppose -34*d - 4091 = -16943. What is the greatest common factor of d and 630?
126
Suppose 4*t + 6*j - j - 1293 = 0, -5*j + 327 = t. Suppose 2*u = -0*u + t. What is the highest common divisor of u and 23?
23
Let v = -25 + 145. Let w = 24 - -24. What is the greatest common divisor of w and v?
24
Let c = -815 + 1112. Calculate the highest common divisor of c and 33.
33
Suppose -y + 4*y = -4*w + 2058, 4*w + 12 = 0. What is the greatest common factor of 30 and y?
30
Let y = 18 - 13. Suppose 2 = 3*r - 2*c - 242, -3*r + 5*c = -250. What is the highest common factor of y and r?
5
Let v be (-4 + 6)/((-2)/32). Let s = 86 + v. Suppose 20 = y + 3*d - 31, -2*y - 4*d = -92. Calculate the highest common divisor of s and y.
18
Let u(n) = 3*n**2 - 144*n + 584. Let z be u(4). What is the highest common divisor of z and 7?
7
Let n = 89 + -71. What is the highest common factor of n and 792?
18
Let p = -3 + 7. Suppose 5*d = p*d + 14. Suppose -1545 - 842 = -31*o - 651. Calculate the highest common factor of d and o.
14
Suppose z = t + 335, -3 = -t - 4. Let w = 604 - z. Calculate the greatest common divisor of 30 and w.
30
Suppose -4*x + 167 = l - 5*x, 4*x = 4. What is the highest common divisor of 210 and l?
42
Let a be (28980/(-66))/(-21) + (-1)/(-11). Calculate the greatest common divisor of 49 and a.
7
Let u = 161 + -101. Let v = u + -20. Calculate the greatest common factor of 10 and v.
10
Let h = 38 - 34. Let f be 1 - (-12)/(h/1). Calculate the highest common factor of f and 1.
1
Let w(r) = 2*r + 17. Let d be (-2 - (1 - -1))*(0 + 1). Let h be w(d). Calculate the greatest common factor of 3 and h.
3
Let g(z) = z**2 + z - 10. Let c(k) = 2*k. Let t be c(0). Let s be -4 + (0 - (3 - t)). Let o be g(s). What is the greatest common factor of 16 and o?
16
Let n = -81 - -89. Calculate the highest common divisor of n and 824.
8
Let w(k) be the third derivative of -k**6/120 - k**3/2 + 8*k**2. Let l be w(-3). Calculate the highest common factor of 16 and l.
8
Let j(g) = 3*g**2 - 2*g + 1. Let p be j(1). Let r be (-7)/p*(9 - 11). Calculate the highest common divisor of r and 49.
7
Let z(n) = -n**2 - 8*n - 8. Let r be z(-7). Let i be (3 + (r - 0))*2. Suppose i*v - 64 = -0*v. Calculate the greatest common factor of v and 80.
16
Let m be (-10)/100 - (-2889)/90. What is the highest common divisor of m and 288?
32
Let m = 8 - 6. Let k be ((-32)/(-20))/((-2)/(-5)). Let r be ((-24)/6)/(k/(-14)). Calculate the highest common factor of m and r.
2
Let f(a) = 2*a - 17. Let w be f(10). What is the greatest common factor of 9 and w?
3
Suppose -305*i - 1260 = -320*i. Calculate the greatest common factor of 27 and i.
3
Let a be (-1)/4 - (10110/40)/(-3). What is the greatest common factor of 2268 and a?
84
Suppose 14175 = 28*l - 3*l. What is the greatest common divisor of 105 and l?
21
Suppose 0 = v - 371 - 476. Let m be -10*(v/(-182) - 6/(-39)). What is the greatest common factor of m and 9?
9
Let j(b) = b + 6. Let m be j(-8). Let a be (12/8 + m)*-4. Suppose 2*u = a*v - 7*v + 58, -3*v - 3*u + 42 = 0. What is the greatest common factor of 110 and v?
10
Let z be 2*(4/3 + 7532/21). What is the highest common divisor of z and 80?
80
Let x(h) = 68*h - 7. Let w be x(5). Let v(l) = -2*l**2 + 77*l - 1. Let s be v(38). What is the highest common divisor of s and w?
37
Suppose 6*r - 2*r = -3*o + 957, 332 = o - 3*r. Calculate the greatest common divisor of o and 34.
17
Suppose -4*j - 5 = -9. Let c be 87/6 + 0 - j/(-2). Calculate the greatest common divisor of 30 and c.
15
Let d = 41 + -19. Let i = -18 + d. Suppose 9 = i*y - 3*y. What is the highest common divisor of 36 and y?
9
Let t = -2 - 9. Let j = 7 - t. Let q be (-458)/(-6) + 12/j. Calculate the highest common divisor of q and 11.
11
Let a be (-2992)/1360 + 522/10. Let l = 9 + 11. What is the highest common divisor of l and a?
10
Let h(t) = 3*t**2 - 16*t - 10. Suppose 0 = 4*k + w - 34, -k - w - 3 = -13. Let d be h(k). What is the highest common divisor of d and 81?
27
Let q(s) = -s + 36. Let d be q(36). Let k be (-1)/2 + 19/2. Suppose d = 2*g - g - k. Calculate the highest common factor of 9 and g.
9
Let g = 12 - 5. Suppose -3*c + 19 - g = 0. Suppose 0 = b + 5*k + 10, -3*b + c*k + 46 = -0*k. Calculate the greatest common factor of b and 80.
10
Suppose 0 = 11*x - 14*x - 138. Suppose 0*w - 2*w + 188 = 0. Let k = w + x. Calculate the greatest common factor of 6 and k.
6
Let u = 28 - 15. Suppose -23*c + 27 = 4. What is the highest common divisor of c and u?
1
Let p = -9 + 11. Suppose p*j + 23 - 77 = 2*r, r + 87 = 3*j. Calculate the highest common divisor of j and 10.
10
Suppose -9*j + 368 = -5*j. Let a be 2/10 - (-228)/10. Calculate the highest common divisor of a and j.
23
Suppose 61*m - 73*m = -3900. Calculate the highest common factor of m and 50.
25
Let j(q) = q**3 - 7*q**2 + 8*q. Let z be j(6). Let f be (-30)/(-2)*(14 + 2). Let o be 3/6*f/10. Calculate the highest common factor of o and z.
12
Suppose -3*y = y - 388. Let s = 167 - y. Let f be 2*4/((-12)/(-15)). Calculate the greatest common factor of s and f.
10
Let i(p) = -186*p + 2. Let j be i(-1). Suppose j = 3*n - 40. Suppose -2*r = -n + 16. What is the highest common factor of 15 and r?
15
Let u be ((-2)/(-1 + -1))/((-4)/(-260)). What is the greatest common factor of u and 10?
5
Let j(s) = -4*s - 11. Let m be j(-9). Suppose 6*u = u + m. Suppose -4*k + 14 = u*f, -2*f - 2 = k - 4. Calculate the greatest common factor of k and 9.
3
Let d(z) = 4*z**2 + 18*z + 24. Let j be d(-6). What is the greatest common factor of 30 and j?
30
Suppose 15*h = 10*h + 780. Suppose -3*t + 202 = -4*v, -2*t + 7*t - 375 = -v. Le